{"id":572,"date":"2023-03-16T15:03:47","date_gmt":"2023-03-16T14:03:47","guid":{"rendered":"http:\/\/www.c-bits.org\/cbits.dev\/?page_id=572"},"modified":"2023-05-10T15:02:25","modified_gmt":"2023-05-10T13:02:25","slug":"pflege-wort","status":"publish","type":"page","link":"https:\/\/www.c-bits.org\/?page_id=572","title":{"rendered":"Referenzen"},"content":{"rendered":"\n<h1 class=\"wp-block-heading\">die f\u00fcr uns sprechen<\/h1>\n\n\n\n<h2 class=\"wp-block-heading\">Deutsche Telekom Gruppe, T-Systems<\/h2>\n\n\n\n<h3 class=\"wp-block-heading\">Teilprojekleitung f\u00fcr die Systemarchitektur und L\u00f6sungen<\/h3>\n\n\n\n<p>Branche: Telekommunikation<br>Betreuung Portal f\u00fcr Finanz und Rewe Systeme der DT. Telekom AG<br>Backuptechnologie und Recovery-Konzepte, Monitoring (Tools) Schnittstellenkonzepte HTML, XML, ALE\/IDOC<br>Releasemanagement\/ Planung, UNIX Systeme HP und SUN-Solaris<\/p>\n\n\n\n<h2 class=\"wp-block-heading\">SAP AG, Walldorf und ST. Leon-Rot<\/h2>\n\n\n\n<h3 class=\"wp-block-heading\">Basic and Development f\u00fcr die Unicode Technologie<\/h3>\n\n\n\n<p>Branche: Software Tec.&nbsp; SapNetweaver<br>Migrationskonzepte f\u00fcr Release und Upgradeprojekte, Kompatibilit\u00e4t mit ERP, Portal, XI\/PI, CRM, BW<br>Entwicklung und Konzeption Internationalisierung und Globalisierung eines Systems mit Unicode L\u00f6sungen<br>UNIX\/Linux, Windows, IBM\/zOS\/iSeries , Database Oracle, DB2\/4\/6, MaxDB, Informix<\/p>\n\n\n\n<h2 class=\"wp-block-heading\">OTTO Versand OTTOGroup, Hamburg<\/h2>\n\n\n\n<h3 class=\"wp-block-heading\">Basis und Applikationsbetreuung<\/h3>\n\n\n\n<p>Branche: Versandhandel<br>Releasemanagement, SapNetweaver \/ NW2004s 7.0<br>Portal, XI\/PI,&nbsp; ERP, WAS-Server, Entwicklung und Konzeption Schnittstellen mit ALE\/IDoc<br>zu XML\/XI Schnittstellen, DB Oracle Betriebsbetreuung<\/p>\n\n\n\n<h2 class=\"wp-block-heading\">Lufthansa Systems, Frankfurt Kelsterbach<\/h2>\n\n\n\n<h3 class=\"wp-block-heading\">Migrations und Firmen\u00fcbernahmeprojekte&nbsp;<\/h3>\n\n\n\n<p>Branche: IT-Hosting<br>Migration MaxDB und Systemneuaufbau, Adaptive Computing,&nbsp; Schnittstellen<br>Entwicklung RFC, TOP-Call Faxserver , Exchangeserver, SapNetWeaver 2004s<br>Upgrade, BW 7.0 Upgrade, Support Services nach ITIL<\/p>\n\n\n\n<h2 class=\"wp-block-heading\"><strong>IKK&nbsp;<\/strong><strong>Bundesverband, Bergisch-Gladbach<\/strong><\/h2>\n\n\n\n<h3 class=\"wp-block-heading\">Basisbetrieb und Betreuung \u2013 Applikationsentwicklung BC<\/h3>\n\n\n\n<p>Branche: Gesundheitstwesen<br>Betriebssicherheit mit sensiblem Berechtigungskonzept, Backup &amp; Recovery Konzepte<br>Informix DB-Betrieb, Change\/ Releasemanagement, Upgrade und Installation<br>SAP Netweaver und BI, Konfiguration und Organisation, Sun-Solaris und Siemens&nbsp;&nbsp;&nbsp;&nbsp;&nbsp;&nbsp;&nbsp;&nbsp;&nbsp;&nbsp;&nbsp;&nbsp;&nbsp;&nbsp;&nbsp;&nbsp;&nbsp;&nbsp;&nbsp;&nbsp;&nbsp;&nbsp;&nbsp;&nbsp;&nbsp;&nbsp;<\/p>\n\n\n\n<h2 class=\"wp-block-heading\"><strong>Deutsche Telekom Gruppe, T-Systems<\/strong><\/h2>\n\n\n\n<h3 class=\"wp-block-heading\">Teilprojekleitung Produktdatenserver<\/h3>\n\n\n\n<p>Branche: Telekommunikation<br>Betreuung im Auftragsumfeld (SD) und Produktdaten(MM) der Dt. Telekom AG<br>Backup&amp;Recoverkonzepte und DatenSyncronisation eigenen Fremdsystemen<br>Monitoring (Tools)Berechtigungskonzepte, BI Server L\u00f6sungen, Konzepte Produktdatenserver SAP\/MM mit<br>IBM Middleware MQSeries, HTML, XML, ALE\/IDOC, Change\/ Releasemanagement und lanung<br>Datenbanken Oracle und Informix, UNIX Systeme HP und SUN-Solaris<\/p>\n\n\n\n<h2 class=\"wp-block-heading\"><strong>Arena Bilgisayar A.S., Istanbul, Turkey<\/strong><\/h2>\n\n\n\n<h3 class=\"wp-block-heading\">Applikationsentwicklung SAP Logistik<\/h3>\n\n\n\n<p>Branche: Distributor von IT-Komponenten und PC-Peripherie&nbsp;&nbsp;&nbsp;&nbsp;&nbsp;&nbsp;&nbsp;&nbsp;&nbsp;&nbsp;&nbsp;&nbsp;&nbsp;&nbsp;&nbsp;&nbsp;&nbsp;&nbsp;&nbsp;&nbsp;&nbsp;&nbsp;&nbsp;&nbsp;&nbsp;&nbsp;&nbsp;&nbsp;&nbsp;&nbsp;&nbsp;&nbsp;&nbsp;&nbsp;&nbsp;&nbsp;&nbsp;&nbsp;&nbsp;&nbsp;&nbsp;&nbsp;<br>Materialmanagement SAP MM, Entwicklung von Tools und Methoden f\u00fcr Gesch\u00e4ftsprozesse<br>zu eigenen Lieferabwicklungssystemen, Business to Business L\u00f6sungen im Internet<\/p>\n\n\n\n<h2 class=\"wp-block-heading\"><strong>Bayer-AG, Leverkusen<\/strong><\/h2>\n\n\n\n<h3 class=\"wp-block-heading\">Corporate Idendity und Berichtswesen<\/h3>\n\n\n\n<p>Branche: Pharma Industrie<br>Template und Prototyping sowie&nbsp; Entwicklung f\u00fcr das Berichts-&nbsp;&nbsp;<br>und Formularwesen auf Konzernebene und Vorgaben<\/p>\n\n\n\n<h2 class=\"wp-block-heading\"><strong>Hueck, L\u00fcdenscheidt<\/strong><\/h2>\n\n\n\n<h3 class=\"wp-block-heading\">Beratung und Entwicklung Logistik<\/h3>\n\n\n\n<p>Branche: Alu-Profile<br>ADD-On Funktionalit\u00e4t f\u00fcr den Logistikbereich,&nbsp; neue Prozesse f\u00fcr die Kapazit\u00e4tsplannung in der Fertigung<br>Fertigungs Auftragssteuerung und Freigabe, Prozesse f\u00fcr die Abwicklung von Warenbewegungen<\/p>\n\n\n\n<h2 class=\"wp-block-heading\"><strong>Herlitz-AG, Berlin<\/strong><\/h2>\n\n\n\n<h3 class=\"wp-block-heading\">Umstellungsprojekt von SAP\/R2 auf SAP\/R3<\/h3>\n\n\n\n<p>Branche: B\u00fcrobedarf<br>Module PP neues Fertigungs Aufragsabrechnungsverfahren abgebildet<br>Neue zus\u00e4tzliche Fert.\/Produktionsanalysen und Auswertungen<\/p>\n\n\n\n<h2 class=\"wp-block-heading\"><strong>Continental-AG, ICA, Hannover<\/strong><\/h2>\n\n\n\n<h3 class=\"wp-block-heading\">Entwicklung und Beratung Logistik&nbsp;<\/h3>\n\n\n\n<p>Branche: Automotive<br>SAP Einf\u00fchrungsprojekte,&nbsp; Modul PP Konzept und Realisierung der Stammdaten\u00fcbernahme<br>ADD-On Auswertungen f\u00fcr PP, Massendaten\u00e4nderung mit Integration zu Excel<br>Neuentwurf von Arbeitsbegleitpapieren, Einf\u00fchrung Serienauftr\u00e4ge<br>Prozess-Industrie: Prozessleitrechner Anbindung mit ALE\/IDOC, Kommunikationskan\u00e4le,<br>RFC-Schnittstellen<\/p>\n\n\n\n<h2 class=\"wp-block-heading\"><strong>Sanyo, New-York, USA<\/strong><\/h2>\n\n\n\n<h3 class=\"wp-block-heading\">Umstellungsprojekt von SAP\/R2 auf SAP\/R3<\/h3>\n\n\n\n<p>Branche: Elektronik<br>Umstellung von R2 Prozessen uf SAP\/R3, verteilt \u00fcber alle Module mit Schwerpunkt Logistik<\/p>\n\n\n\n<h2 class=\"wp-block-heading\"><strong>ERCO Leuchten, L\u00fcdenscheid<\/strong><\/h2>\n\n\n\n<h3 class=\"wp-block-heading\">Entwicklung Logistik und Controlling<\/h3>\n\n\n\n<p>Branche: Lichtanlagen f\u00fcr Unternehmen<br>Modulprozesse SD und CO, Synchronisationabl\u00e4ufe Materialdaten<br>zwischen den Werken L\u00fcdenscheidt und England mit ALE\/ IDOC Technologie<\/p>\n\n\n\n<h2 class=\"wp-block-heading\"><strong>Goebel Porzellanfabrik (Hummel-Figuren), R\u00f6dental<\/strong><\/h2>\n\n\n\n<h3 class=\"wp-block-heading\">Einf\u00fchrungs\/ und Migrationsprojekt SAP<\/h3>\n\n\n\n<p>Branche: Porzellanfiguren, Geschenkartikel<br>Schulung f\u00fcr das des Basisteams, SAP Systemarchitekturund Einf\u00fchrung in die ABAP\/4-Entwicklung<br>Berechtigungskonzepte, ADD-On Funktionalit\u00e4t f\u00fcr das CO-Modul<br>Prozesse f\u00fcr die Goebelsezifische Aufteilung der fixen und variablen Kosten innerhalb Controlling<br>Berichtswesen und Formularkonzepte, HR-Stammdatenmigration aus Paisy&nbsp;<\/p>\n\n\n\n<h2 class=\"wp-block-heading\"><strong>Brau + Brunnen, Dortmund, Dortmunder Brau Union, Schweppes<\/strong><\/h2>\n\n\n\n<h3 class=\"wp-block-heading\">Applikationsmanagement und Betreuung Rewe Module<\/h3>\n\n\n\n<p>Branche: Getr\u00e4nkeindustrie<br>Migration nach SAP Finanzwesen und Controlling, Stammdaten\u00fcbernahme, Schnittstellenkonzepte<\/p>\n\n\n\n<h2 class=\"wp-block-heading\"><strong>Systemhaus Support, Steeb<\/strong><\/h2>\n\n\n\n<h3 class=\"wp-block-heading\">Servicemanagement und Kundenanwendungsbetreuung<\/h3>\n\n\n\n<p>Branche: Systemhaus<br>Aufbau und Entwicklung von Systemlandschaften, Change\/ Releasemanagement Steeb und SAP Software<\/p>\n\n\n\n<h2 class=\"wp-block-heading\"><strong>AXA, K\u00f6ln<\/strong><\/h2>\n\n\n\n<h3 class=\"wp-block-heading\">Betrieb und Betreuung der Applikationen der Auslandsgesellschaften<\/h3>\n\n\n\n<p>Branche: Versicherung&nbsp;&nbsp;&nbsp;<br>Betriebssicherheit mit sensiblem Berechtigungskonzept, Backup &amp; Recovery Konzepte<br>Change\/ Releasemanagement, Upgrade und Installation, SAP Netweaver und BI&nbsp; Performance\/ Tuning und Optimierung&nbsp;&nbsp;&nbsp;&nbsp;&nbsp;&nbsp;&nbsp;&nbsp;&nbsp;&nbsp;&nbsp;&nbsp;&nbsp;&nbsp;&nbsp;&nbsp;&nbsp;&nbsp;&nbsp;&nbsp;&nbsp;&nbsp;&nbsp;&nbsp;&nbsp;&nbsp;<\/p>\n","protected":false},"excerpt":{"rendered":"<p>die f\u00fcr uns sprechen Deutsche Telekom Gruppe, T-Systems Teilprojekleitung f\u00fcr die Systemarchitektur und L\u00f6sungen Branche: TelekommunikationBetreuung Portal f\u00fcr Finanz und Rewe Systeme der DT. Telekom AGBackuptechnologie und Recovery-Konzepte, Monitoring (Tools) Schnittstellenkonzepte HTML, XML, ALE\/IDOCReleasemanagement\/ Planung, UNIX Systeme HP und SUN-Solaris SAP AG, Walldorf und ST. Leon-Rot Basic and Development f\u00fcr die Unicode Technologie Branche: Software [&hellip;]<\/p>\n","protected":false},"author":1,"featured_media":0,"parent":0,"menu_order":0,"comment_status":"closed","ping_status":"closed","template":"","meta":{"footnotes":""},"class_list":["post-572","page","type-page","status-publish","hentry"],"blocksy_meta":[],"_links":{"self":[{"href":"https:\/\/www.c-bits.org\/index.php?rest_route=\/wp\/v2\/pages\/572","targetHints":{"allow":["GET"]}}],"collection":[{"href":"https:\/\/www.c-bits.org\/index.php?rest_route=\/wp\/v2\/pages"}],"about":[{"href":"https:\/\/www.c-bits.org\/index.php?rest_route=\/wp\/v2\/types\/page"}],"author":[{"embeddable":true,"href":"https:\/\/www.c-bits.org\/index.php?rest_route=\/wp\/v2\/users\/1"}],"replies":[{"embeddable":true,"href":"https:\/\/www.c-bits.org\/index.php?rest_route=%2Fwp%2Fv2%2Fcomments&post=572"}],"version-history":[{"count":4,"href":"https:\/\/www.c-bits.org\/index.php?rest_route=\/wp\/v2\/pages\/572\/revisions"}],"predecessor-version":[{"id":679,"href":"https:\/\/www.c-bits.org\/index.php?rest_route=\/wp\/v2\/pages\/572\/revisions\/679"}],"wp:attachment":[{"href":"https:\/\/www.c-bits.org\/index.php?rest_route=%2Fwp%2Fv2%2Fmedia&parent=572"}],"curies":[{"name":"wp","href":"https:\/\/api.w.org\/{rel}","templated":true}]}}